{"id":114,"date":"2026-02-22T11:13:52","date_gmt":"2026-02-22T10:13:52","guid":{"rendered":"https:\/\/elektrikerdalarna.online\/borlange\/?page_id=114"},"modified":"2026-02-22T11:18:43","modified_gmt":"2026-02-22T10:18:43","slug":"laddbox-i-borlange","status":"publish","type":"page","link":"https:\/\/elektrikerdalarna.online\/borlange\/laddbox-i-borlange\/","title":{"rendered":"Laddbox i Borl\u00e4nge"},"content":{"rendered":"\t\t<div data-elementor-type=\"wp-page\" data-elementor-id=\"114\" class=\"elementor elementor-114\" data-elementor-post-type=\"page\">\n\t\t\t\t<div class=\"elementor-element elementor-element-28227ea3 e-con-full e-flex e-con e-parent\" data-id=\"28227ea3\" data-element_type=\"container\" data-e-type=\"container\">\n\t\t\t\t<div class=\"elementor-element elementor-element-1cdaf640 elementor-widget elementor-widget-template\" data-id=\"1cdaf640\" data-element_type=\"widget\" data-e-type=\"widget\" data-widget_type=\"template.default\">\n\t\t\t\t<div class=\"elementor-widget-container\">\n\t\t\t\t\t\t\t<div class=\"elementor-template\">\n\t\t\t\t\t<header data-elementor-type=\"header\" data-elementor-id=\"25\" class=\"elementor elementor-25\" data-elementor-post-type=\"elementor_library\">\n\t\t\t<div class=\"elementor-element elementor-element-64867775 e-con-full e-flex e-con e-parent\" data-id=\"64867775\" data-element_type=\"container\" data-e-type=\"container\">\n\t\t<div class=\"elementor-element elementor-element-5d026ac3 e-con-full e-flex e-con e-child\" data-id=\"5d026ac3\" data-element_type=\"container\" data-e-type=\"container\">\n\t\t\t\t<div class=\"elementor-element elementor-element-1cf811c elementor-widget elementor-widget-theme-site-logo elementor-widget-image\" data-id=\"1cf811c\" data-element_type=\"widget\" data-e-type=\"widget\" data-widget_type=\"theme-site-logo.default\">\n\t\t\t\t\t\t\t\t\t\t\t<a href=\"https:\/\/elektrikerdalarna.online\/borlange\">\n\t\t\t<img fetchpriority=\"high\" decoding=\"async\" width=\"1572\" height=\"573\" src=\"https:\/\/elektrikerdalarna.online\/borlange\/wp-content\/uploads\/sites\/3\/2026\/02\/elektriker-dalarna-logga.png\" class=\"attachment-full size-full wp-image-120\" alt=\"\" srcset=\"https:\/\/elektrikerdalarna.online\/borlange\/wp-content\/uploads\/sites\/3\/2026\/02\/elektriker-dalarna-logga.png 1572w, https:\/\/elektrikerdalarna.online\/borlange\/wp-content\/uploads\/sites\/3\/2026\/02\/elektriker-dalarna-logga-300x109.png 300w, https:\/\/elektrikerdalarna.online\/borlange\/wp-content\/uploads\/sites\/3\/2026\/02\/elektriker-dalarna-logga-1024x373.png 1024w, https:\/\/elektrikerdalarna.online\/borlange\/wp-content\/uploads\/sites\/3\/2026\/02\/elektriker-dalarna-logga-768x280.png 768w, https:\/\/elektrikerdalarna.online\/borlange\/wp-content\/uploads\/sites\/3\/2026\/02\/elektriker-dalarna-logga-1536x560.png 1536w\" sizes=\"(max-width: 1572px) 100vw, 1572px\" \/>\t\t\t\t<\/a>\n\t\t\t\t\t\t\t\t\t\t\t<\/div>\n\t\t\t\t<\/div>\n\t\t<div class=\"elementor-element elementor-element-16a24b23 e-con-full e-flex e-con e-child\" data-id=\"16a24b23\" data-element_type=\"container\" data-e-type=\"container\">\n\t\t\t\t<div class=\"elementor-element elementor-element-676394ec elementor-nav-menu__align-start elementor-nav-menu--dropdown-tablet elementor-nav-menu__text-align-aside elementor-nav-menu--toggle elementor-nav-menu--burger elementor-widget elementor-widget-nav-menu\" data-id=\"676394ec\" data-element_type=\"widget\" data-e-type=\"widget\" data-settings=\"{&quot;layout&quot;:&quot;horizontal&quot;,&quot;submenu_icon&quot;:{&quot;value&quot;:&quot;&lt;svg aria-hidden=\\&quot;true\\&quot; class=\\&quot;e-font-icon-svg e-fas-caret-down\\&quot; viewBox=\\&quot;0 0 320 512\\&quot; xmlns=\\&quot;http:\\\/\\\/www.w3.org\\\/2000\\\/svg\\&quot;&gt;&lt;path d=\\&quot;M31.3 192h257.3c17.8 0 26.7 21.5 14.1 34.1L174.1 354.8c-7.8 7.8-20.5 7.8-28.3 0L17.2 226.1C4.6 213.5 13.5 192 31.3 192z\\&quot;&gt;&lt;\\\/path&gt;&lt;\\\/svg&gt;&quot;,&quot;library&quot;:&quot;fa-solid&quot;},&quot;toggle&quot;:&quot;burger&quot;}\" data-widget_type=\"nav-menu.default\">\n\t\t\t\t\t\t\t\t<nav aria-label=\"Meny\" class=\"elementor-nav-menu--main elementor-nav-menu__container elementor-nav-menu--layout-horizontal e--pointer-underline e--animation-fade\">\n\t\t\t\t<ul id=\"menu-1-676394ec\" class=\"elementor-nav-menu\"><li class=\"menu-item menu-item-type-post_type menu-item-object-page menu-item-home menu-item-40\"><a href=\"https:\/\/elektrikerdalarna.online\/borlange\/\" class=\"elementor-item\">Hem<\/a><\/li>\n<li class=\"menu-item menu-item-type-post_type menu-item-object-page menu-item-111\"><a href=\"https:\/\/elektrikerdalarna.online\/borlange\/eljour-i-borlange\/\" class=\"elementor-item\">Eljour i Borl\u00e4nge<\/a><\/li>\n<li class=\"menu-item menu-item-type-post_type menu-item-object-page menu-item-41\"><a href=\"https:\/\/elektrikerdalarna.online\/borlange\/hur-elsakert-ar-ditt-hem\/\" class=\"elementor-item\">Hur els\u00e4kert \u00e4r ditt hem ?<\/a><\/li>\n<li class=\"menu-item menu-item-type-post_type menu-item-object-page menu-item-has-children menu-item-48\"><a href=\"https:\/\/elektrikerdalarna.online\/borlange\/tjanster\/\" class=\"elementor-item\">Tj\u00e4nster<\/a>\n<ul class=\"sub-menu elementor-nav-menu--dropdown\">\n\t<li class=\"menu-item menu-item-type-post_type menu-item-object-page menu-item-141\"><a href=\"https:\/\/elektrikerdalarna.online\/borlange\/laddbox-i-borlange\/\" class=\"elementor-sub-item\">Laddbox<\/a><\/li>\n\t<li class=\"menu-item menu-item-type-custom menu-item-object-custom menu-item-43\"><a href=\"https:\/\/elektrikerdalarna.online\/borlange\/tag\/smarta-hem\" class=\"elementor-sub-item\">Smarta hem<\/a><\/li>\n\t<li class=\"menu-item menu-item-type-custom menu-item-object-custom menu-item-44\"><a href=\"https:\/\/elektrikerdalarna.online\/borlange\/tag\/jourelektriker\/\" class=\"elementor-sub-item\">Jourelektriker<\/a><\/li>\n\t<li class=\"menu-item menu-item-type-custom menu-item-object-custom menu-item-45\"><a href=\"https:\/\/elektrikerdalarna.online\/borlange\/tag\/solenergi\/\" class=\"elementor-sub-item\">Solenergi<\/a><\/li>\n\t<li class=\"menu-item menu-item-type-custom menu-item-object-custom menu-item-46\"><a href=\"https:\/\/elektrikerdalarna.online\/borlange\/tag\/belysning\/\" class=\"elementor-sub-item\">Belysning<\/a><\/li>\n\t<li class=\"menu-item menu-item-type-custom menu-item-object-custom menu-item-47\"><a href=\"https:\/\/elektrikerdalarna.online\/borlange\/tag\/elcentral\/\" class=\"elementor-sub-item\">Elcentral<\/a><\/li>\n<\/ul>\n<\/li>\n<li class=\"menu-item menu-item-type-taxonomy menu-item-object-category menu-item-81\"><a href=\"https:\/\/elektrikerdalarna.online\/borlange\/category\/elfirmor\/\" class=\"elementor-item\">Elfirmor<\/a><\/li>\n<li class=\"menu-item menu-item-type-post_type menu-item-object-page menu-item-140\"><a href=\"https:\/\/elektrikerdalarna.online\/borlange\/kontakta-elektriker-i-borlange\/\" class=\"elementor-item\">Prisf\u00f6rfr\u00e5gan<\/a><\/li>\n<\/ul>\t\t\t<\/nav>\n\t\t\t\t\t<div class=\"elementor-menu-toggle\" role=\"button\" tabindex=\"0\" aria-label=\"Sl\u00e5 p\u00e5\/av meny\" aria-expanded=\"false\">\n\t\t\t<svg aria-hidden=\"true\" role=\"presentation\" class=\"elementor-menu-toggle__icon--open e-font-icon-svg e-eicon-menu-bar\" viewBox=\"0 0 1000 1000\" xmlns=\"http:\/\/www.w3.org\/2000\/svg\"><path d=\"M104 333H896C929 333 958 304 958 271S929 208 896 208H104C71 208 42 237 42 271S71 333 104 333ZM104 583H896C929 583 958 554 958 521S929 458 896 458H104C71 458 42 487 42 521S71 583 104 583ZM104 833H896C929 833 958 804 958 771S929 708 896 708H104C71 708 42 737 42 771S71 833 104 833Z\"><\/path><\/svg><svg aria-hidden=\"true\" role=\"presentation\" class=\"elementor-menu-toggle__icon--close e-font-icon-svg e-eicon-close\" viewBox=\"0 0 1000 1000\" xmlns=\"http:\/\/www.w3.org\/2000\/svg\"><path d=\"M742 167L500 408 258 167C246 154 233 150 217 150 196 150 179 158 167 167 154 179 150 196 150 212 150 229 154 242 171 254L408 500 167 742C138 771 138 800 167 829 196 858 225 858 254 829L496 587 738 829C750 842 767 846 783 846 800 846 817 842 829 829 842 817 846 804 846 783 846 767 842 750 829 737L588 500 833 258C863 229 863 200 833 171 804 137 775 137 742 167Z\"><\/path><\/svg>\t\t<\/div>\n\t\t\t\t\t<nav class=\"elementor-nav-menu--dropdown elementor-nav-menu__container\" aria-hidden=\"true\">\n\t\t\t\t<ul id=\"menu-2-676394ec\" class=\"elementor-nav-menu\"><li class=\"menu-item menu-item-type-post_type menu-item-object-page menu-item-home menu-item-40\"><a href=\"https:\/\/elektrikerdalarna.online\/borlange\/\" class=\"elementor-item\" tabindex=\"-1\">Hem<\/a><\/li>\n<li class=\"menu-item menu-item-type-post_type menu-item-object-page menu-item-111\"><a href=\"https:\/\/elektrikerdalarna.online\/borlange\/eljour-i-borlange\/\" class=\"elementor-item\" tabindex=\"-1\">Eljour i Borl\u00e4nge<\/a><\/li>\n<li class=\"menu-item menu-item-type-post_type menu-item-object-page menu-item-41\"><a href=\"https:\/\/elektrikerdalarna.online\/borlange\/hur-elsakert-ar-ditt-hem\/\" class=\"elementor-item\" tabindex=\"-1\">Hur els\u00e4kert \u00e4r ditt hem ?<\/a><\/li>\n<li class=\"menu-item menu-item-type-post_type menu-item-object-page menu-item-has-children menu-item-48\"><a href=\"https:\/\/elektrikerdalarna.online\/borlange\/tjanster\/\" class=\"elementor-item\" tabindex=\"-1\">Tj\u00e4nster<\/a>\n<ul class=\"sub-menu elementor-nav-menu--dropdown\">\n\t<li class=\"menu-item menu-item-type-post_type menu-item-object-page menu-item-141\"><a href=\"https:\/\/elektrikerdalarna.online\/borlange\/laddbox-i-borlange\/\" class=\"elementor-sub-item\" tabindex=\"-1\">Laddbox<\/a><\/li>\n\t<li class=\"menu-item menu-item-type-custom menu-item-object-custom menu-item-43\"><a href=\"https:\/\/elektrikerdalarna.online\/borlange\/tag\/smarta-hem\" class=\"elementor-sub-item\" tabindex=\"-1\">Smarta hem<\/a><\/li>\n\t<li class=\"menu-item menu-item-type-custom menu-item-object-custom menu-item-44\"><a href=\"https:\/\/elektrikerdalarna.online\/borlange\/tag\/jourelektriker\/\" class=\"elementor-sub-item\" tabindex=\"-1\">Jourelektriker<\/a><\/li>\n\t<li class=\"menu-item menu-item-type-custom menu-item-object-custom menu-item-45\"><a href=\"https:\/\/elektrikerdalarna.online\/borlange\/tag\/solenergi\/\" class=\"elementor-sub-item\" tabindex=\"-1\">Solenergi<\/a><\/li>\n\t<li class=\"menu-item menu-item-type-custom menu-item-object-custom menu-item-46\"><a href=\"https:\/\/elektrikerdalarna.online\/borlange\/tag\/belysning\/\" class=\"elementor-sub-item\" tabindex=\"-1\">Belysning<\/a><\/li>\n\t<li class=\"menu-item menu-item-type-custom menu-item-object-custom menu-item-47\"><a href=\"https:\/\/elektrikerdalarna.online\/borlange\/tag\/elcentral\/\" class=\"elementor-sub-item\" tabindex=\"-1\">Elcentral<\/a><\/li>\n<\/ul>\n<\/li>\n<li class=\"menu-item menu-item-type-taxonomy menu-item-object-category menu-item-81\"><a href=\"https:\/\/elektrikerdalarna.online\/borlange\/category\/elfirmor\/\" class=\"elementor-item\" tabindex=\"-1\">Elfirmor<\/a><\/li>\n<li class=\"menu-item menu-item-type-post_type menu-item-object-page menu-item-140\"><a href=\"https:\/\/elektrikerdalarna.online\/borlange\/kontakta-elektriker-i-borlange\/\" class=\"elementor-item\" tabindex=\"-1\">Prisf\u00f6rfr\u00e5gan<\/a><\/li>\n<\/ul>\t\t\t<\/nav>\n\t\t\t\t\t\t<\/div>\n\t\t\t\t<\/div>\n\t\t<div class=\"elementor-element elementor-element-35200599 e-con-full e-flex e-con e-child\" data-id=\"35200599\" data-element_type=\"container\" data-e-type=\"container\">\n\t\t\t\t<\/div>\n\t\t\t\t<\/div>\n\t\t\t\t<\/header>\n\t\t\t\t<\/div>\n\t\t\t\t\t\t<\/div>\n\t\t\t\t<\/div>\n\t\t\t\t<\/div>\n\t\t<div class=\"elementor-element elementor-element-66fef671 e-flex e-con-boxed e-con e-parent\" data-id=\"66fef671\" data-element_type=\"container\" data-e-type=\"container\">\n\t\t\t\t\t<div class=\"e-con-inner\">\n\t\t<div class=\"elementor-element elementor-element-313023cc e-con-full e-flex e-con e-child\" data-id=\"313023cc\" data-element_type=\"container\" data-e-type=\"container\">\n\t\t\t\t<div class=\"elementor-element elementor-element-df8c379 elementor-widget elementor-widget-heading\" data-id=\"df8c379\" data-element_type=\"widget\" data-e-type=\"widget\" data-widget_type=\"heading.default\">\n\t\t\t\t\t<h2 class=\"elementor-heading-title elementor-size-default\">Installera laddbox i Borl\u00e4nge<\/h2>\t\t\t\t<\/div>\n\t\t\t\t<div class=\"elementor-element elementor-element-5eb86e2b elementor-widget elementor-widget-text-editor\" data-id=\"5eb86e2b\" data-element_type=\"widget\" data-e-type=\"widget\" data-widget_type=\"text-editor.default\">\n\t\t\t\t\t\t\t\t\t<p data-start=\"45\" data-end=\"286\">Allt fler k\u00f6r elbil i Borl\u00e4nge. Att ladda bilen i ett vanligt v\u00e4gguttag kan fungera tillf\u00e4lligt \u2013 men det \u00e4r inte en l\u00e5ngsiktig eller s\u00e4ker l\u00f6sning. En fast installerad laddbox \u00e4r b\u00e5de tryggare, smartare och mer framtidss\u00e4ker.<\/p><hr data-start=\"288\" data-end=\"291\" \/>\t\t\t\t\t\t\t\t<\/div>\n\t\t\t\t<div class=\"elementor-element elementor-element-6af1e57d elementor-widget elementor-widget-button\" data-id=\"6af1e57d\" data-element_type=\"widget\" data-e-type=\"widget\" data-widget_type=\"button.default\">\n\t\t\t\t\t\t\t\t\t\t<a class=\"elementor-button elementor-button-link elementor-size-sm\" href=\"https:\/\/elektrikerdalarna.online\/borlange\/kontakta-elektriker-i-borlange\/\">\n\t\t\t\t\t\t<span class=\"elementor-button-content-wrapper\">\n\t\t\t\t\t\t\t\t\t<span class=\"elementor-button-text\">Kontakta Elektriker<\/span>\n\t\t\t\t\t<\/span>\n\t\t\t\t\t<\/a>\n\t\t\t\t\t\t\t\t<\/div>\n\t\t\t\t<\/div>\n\t\t<div class=\"elementor-element elementor-element-2bbb959b e-con-full e-flex e-con e-child\" data-id=\"2bbb959b\" data-element_type=\"container\" data-e-type=\"container\">\n\t\t\t\t<\/div>\n\t\t\t\t\t<\/div>\n\t\t\t\t<\/div>\n\t\t<div class=\"elementor-element elementor-element-3cb7bc78 e-flex e-con-boxed e-con e-parent\" data-id=\"3cb7bc78\" data-element_type=\"container\" data-e-type=\"container\">\n\t\t\t\t\t<div class=\"e-con-inner\">\n\t\t<div class=\"elementor-element elementor-element-2593ad98 e-con-full e-flex e-con e-child\" data-id=\"2593ad98\" data-element_type=\"container\" data-e-type=\"container\">\n\t\t\t\t<\/div>\n\t\t<div class=\"elementor-element elementor-element-f98d276 e-con-full e-flex e-con e-child\" data-id=\"f98d276\" data-element_type=\"container\" data-e-type=\"container\">\n\t\t\t\t<div class=\"elementor-element elementor-element-8ba5e4b elementor-widget elementor-widget-text-editor\" data-id=\"8ba5e4b\" data-element_type=\"widget\" data-e-type=\"widget\" data-widget_type=\"text-editor.default\">\n\t\t\t\t\t\t\t\t\t<h2 data-start=\"293\" data-end=\"314\">\u00d6kad els\u00e4kerhet<\/h2><p data-start=\"316\" data-end=\"479\">Ett vanligt v\u00e4gguttag (Schuko) \u00e4r inte konstruerat f\u00f6r h\u00f6g och l\u00e5ngvarig belastning under m\u00e5nga timmar. Det kan leda till \u00f6verhettning och i v\u00e4rsta fall brandrisk.<\/p><h2 data-start=\"795\" data-end=\"835\">Snabbare och mer effektiv laddning<\/h2><p data-start=\"837\" data-end=\"903\">Med en laddbox f\u00e5r du betydligt h\u00f6gre effekt \u00e4n via vanligt uttag.<\/p><p data-start=\"905\" data-end=\"913\">Exempel:<\/p><ul data-start=\"915\" data-end=\"1011\"><li data-start=\"915\" data-end=\"939\"><p data-start=\"917\" data-end=\"939\">V\u00e4gguttag: ca 2,3 kW<\/p><\/li><li data-start=\"940\" data-end=\"974\"><p data-start=\"942\" data-end=\"974\">Laddbox 1-fas: upp till 7,4 kW<\/p><\/li><li data-start=\"975\" data-end=\"1011\"><p data-start=\"977\" data-end=\"1011\">Laddbox 3-fas: upp till 11\u201322 kW<\/p><\/li><\/ul><h2 data-start=\"1571\" data-end=\"1594\">L\u00e4gre laddkostnad<\/h2><p data-start=\"1596\" data-end=\"1624\">Med en smart laddbox kan du:<\/p><ul data-start=\"1626\" data-end=\"1741\"><li data-start=\"1626\" data-end=\"1684\"><p data-start=\"1628\" data-end=\"1684\">Schemal\u00e4gga laddning till natten n\u00e4r elen \u00e4r billigare<\/p><\/li><li data-start=\"1685\" data-end=\"1713\"><p data-start=\"1687\" data-end=\"1713\">Styra laddningen via app<\/p><\/li><li data-start=\"1714\" data-end=\"1741\"><p data-start=\"1716\" data-end=\"1741\">Integrera med solceller<\/p><\/li><\/ul><p data-start=\"1743\" data-end=\"1840\">Har du solcellsanl\u00e4ggning kan bilen laddas med egenproducerad el, vilket ger \u00e4nnu b\u00e4ttre ekonomi.<\/p>\t\t\t\t\t\t\t\t<\/div>\n\t\t\t\t<\/div>\n\t\t\t\t\t<\/div>\n\t\t\t\t<\/div>\n\t\t\t\t<\/div>\n\t\t","protected":false},"excerpt":{"rendered":"<p>Installera laddbox i Borl\u00e4nge Allt fler k\u00f6r elbil i Borl\u00e4nge. Att ladda bilen i ett vanligt v\u00e4gguttag kan fungera tillf\u00e4lligt \u2013 men det \u00e4r inte en l\u00e5ngsiktig eller s\u00e4ker l\u00f6sning. En fast installerad laddbox \u00e4r b\u00e5de tryggare, smartare och mer framtidss\u00e4ker. Kontakta Elektriker \u00d6kad els\u00e4kerhet Ett vanligt v\u00e4gguttag (Schuko) \u00e4r inte konstruerat f\u00f6r h\u00f6g och [&hellip;]<\/p>\n","protected":false},"author":1,"featured_media":0,"parent":0,"menu_order":0,"comment_status":"closed","ping_status":"closed","template":"elementor_canvas","meta":{"_acf_changed":false,"footnotes":""},"class_list":["post-114","page","type-page","status-publish","hentry"],"acf":[],"yoast_head":"<!-- This site is optimized with the Yoast SEO plugin v27.4 - https:\/\/yoast.com\/product\/yoast-seo-wordpress\/ -->\n<title>Laddbox i Borl\u00e4nge - Elektriker i Borl\u00e4nge<\/title>\n<meta name=\"robots\" content=\"index, follow, max-snippet:-1, max-image-preview:large, max-video-preview:-1\" \/>\n<link rel=\"canonical\" href=\"https:\/\/elektrikerdalarna.online\/borlange\/laddbox-i-borlange\/\" \/>\n<meta property=\"og:locale\" content=\"sv_SE\" \/>\n<meta property=\"og:type\" content=\"article\" \/>\n<meta property=\"og:title\" content=\"Laddbox i Borl\u00e4nge - Elektriker i Borl\u00e4nge\" \/>\n<meta property=\"og:description\" content=\"Installera laddbox i Borl\u00e4nge Allt fler k\u00f6r elbil i Borl\u00e4nge. Att ladda bilen i ett vanligt v\u00e4gguttag kan fungera tillf\u00e4lligt \u2013 men det \u00e4r inte en l\u00e5ngsiktig eller s\u00e4ker l\u00f6sning. En fast installerad laddbox \u00e4r b\u00e5de tryggare, smartare och mer framtidss\u00e4ker. Kontakta Elektriker \u00d6kad els\u00e4kerhet Ett vanligt v\u00e4gguttag (Schuko) \u00e4r inte konstruerat f\u00f6r h\u00f6g och [&hellip;]\" \/>\n<meta property=\"og:url\" content=\"https:\/\/elektrikerdalarna.online\/borlange\/laddbox-i-borlange\/\" \/>\n<meta property=\"og:site_name\" content=\"Elektriker i Borl\u00e4nge\" \/>\n<meta property=\"article:modified_time\" content=\"2026-02-22T10:18:43+00:00\" \/>\n<meta name=\"twitter:card\" content=\"summary_large_image\" \/>\n<meta name=\"twitter:label1\" content=\"Ber\u00e4knad l\u00e4stid\" \/>\n\t<meta name=\"twitter:data1\" content=\"1 minut\" \/>\n<script type=\"application\/ld+json\" class=\"yoast-schema-graph\">{\"@context\":\"https:\\\/\\\/schema.org\",\"@graph\":[{\"@type\":\"WebPage\",\"@id\":\"https:\\\/\\\/elektrikerdalarna.online\\\/borlange\\\/laddbox-i-borlange\\\/\",\"url\":\"https:\\\/\\\/elektrikerdalarna.online\\\/borlange\\\/laddbox-i-borlange\\\/\",\"name\":\"Laddbox i Borl\u00e4nge - Elektriker i Borl\u00e4nge\",\"isPartOf\":{\"@id\":\"https:\\\/\\\/elektrikerdalarna.online\\\/borlange\\\/#website\"},\"datePublished\":\"2026-02-22T10:13:52+00:00\",\"dateModified\":\"2026-02-22T10:18:43+00:00\",\"breadcrumb\":{\"@id\":\"https:\\\/\\\/elektrikerdalarna.online\\\/borlange\\\/laddbox-i-borlange\\\/#breadcrumb\"},\"inLanguage\":\"sv-SE\",\"potentialAction\":[{\"@type\":\"ReadAction\",\"target\":[\"https:\\\/\\\/elektrikerdalarna.online\\\/borlange\\\/laddbox-i-borlange\\\/\"]}]},{\"@type\":\"BreadcrumbList\",\"@id\":\"https:\\\/\\\/elektrikerdalarna.online\\\/borlange\\\/laddbox-i-borlange\\\/#breadcrumb\",\"itemListElement\":[{\"@type\":\"ListItem\",\"position\":1,\"name\":\"Hem\",\"item\":\"https:\\\/\\\/elektrikerdalarna.online\\\/borlange\\\/\"},{\"@type\":\"ListItem\",\"position\":2,\"name\":\"Laddbox i Borl\u00e4nge\"}]},{\"@type\":\"WebSite\",\"@id\":\"https:\\\/\\\/elektrikerdalarna.online\\\/borlange\\\/#website\",\"url\":\"https:\\\/\\\/elektrikerdalarna.online\\\/borlange\\\/\",\"name\":\"Elektriker i Borl\u00e4nge\",\"description\":\"\",\"publisher\":{\"@id\":\"https:\\\/\\\/elektrikerdalarna.online\\\/borlange\\\/#organization\"},\"potentialAction\":[{\"@type\":\"SearchAction\",\"target\":{\"@type\":\"EntryPoint\",\"urlTemplate\":\"https:\\\/\\\/elektrikerdalarna.online\\\/borlange\\\/?s={search_term_string}\"},\"query-input\":{\"@type\":\"PropertyValueSpecification\",\"valueRequired\":true,\"valueName\":\"search_term_string\"}}],\"inLanguage\":\"sv-SE\"},{\"@type\":\"Organization\",\"@id\":\"https:\\\/\\\/elektrikerdalarna.online\\\/borlange\\\/#organization\",\"name\":\"Elektriker i Borl\u00e4nge\",\"url\":\"https:\\\/\\\/elektrikerdalarna.online\\\/borlange\\\/\",\"logo\":{\"@type\":\"ImageObject\",\"inLanguage\":\"sv-SE\",\"@id\":\"https:\\\/\\\/elektrikerdalarna.online\\\/borlange\\\/#\\\/schema\\\/logo\\\/image\\\/\",\"url\":\"https:\\\/\\\/elektrikerdalarna.online\\\/borlange\\\/wp-content\\\/uploads\\\/sites\\\/3\\\/2026\\\/02\\\/elektriker-dalarna-logga.png\",\"contentUrl\":\"https:\\\/\\\/elektrikerdalarna.online\\\/borlange\\\/wp-content\\\/uploads\\\/sites\\\/3\\\/2026\\\/02\\\/elektriker-dalarna-logga.png\",\"width\":1572,\"height\":573,\"caption\":\"Elektriker i Borl\u00e4nge\"},\"image\":{\"@id\":\"https:\\\/\\\/elektrikerdalarna.online\\\/borlange\\\/#\\\/schema\\\/logo\\\/image\\\/\"}}]}<\/script>\n<!-- \/ Yoast SEO plugin. -->","yoast_head_json":{"title":"Laddbox i Borl\u00e4nge - Elektriker i Borl\u00e4nge","robots":{"index":"index","follow":"follow","max-snippet":"max-snippet:-1","max-image-preview":"max-image-preview:large","max-video-preview":"max-video-preview:-1"},"canonical":"https:\/\/elektrikerdalarna.online\/borlange\/laddbox-i-borlange\/","og_locale":"sv_SE","og_type":"article","og_title":"Laddbox i Borl\u00e4nge - Elektriker i Borl\u00e4nge","og_description":"Installera laddbox i Borl\u00e4nge Allt fler k\u00f6r elbil i Borl\u00e4nge. Att ladda bilen i ett vanligt v\u00e4gguttag kan fungera tillf\u00e4lligt \u2013 men det \u00e4r inte en l\u00e5ngsiktig eller s\u00e4ker l\u00f6sning. En fast installerad laddbox \u00e4r b\u00e5de tryggare, smartare och mer framtidss\u00e4ker. Kontakta Elektriker \u00d6kad els\u00e4kerhet Ett vanligt v\u00e4gguttag (Schuko) \u00e4r inte konstruerat f\u00f6r h\u00f6g och [&hellip;]","og_url":"https:\/\/elektrikerdalarna.online\/borlange\/laddbox-i-borlange\/","og_site_name":"Elektriker i Borl\u00e4nge","article_modified_time":"2026-02-22T10:18:43+00:00","twitter_card":"summary_large_image","twitter_misc":{"Ber\u00e4knad l\u00e4stid":"1 minut"},"schema":{"@context":"https:\/\/schema.org","@graph":[{"@type":"WebPage","@id":"https:\/\/elektrikerdalarna.online\/borlange\/laddbox-i-borlange\/","url":"https:\/\/elektrikerdalarna.online\/borlange\/laddbox-i-borlange\/","name":"Laddbox i Borl\u00e4nge - Elektriker i Borl\u00e4nge","isPartOf":{"@id":"https:\/\/elektrikerdalarna.online\/borlange\/#website"},"datePublished":"2026-02-22T10:13:52+00:00","dateModified":"2026-02-22T10:18:43+00:00","breadcrumb":{"@id":"https:\/\/elektrikerdalarna.online\/borlange\/laddbox-i-borlange\/#breadcrumb"},"inLanguage":"sv-SE","potentialAction":[{"@type":"ReadAction","target":["https:\/\/elektrikerdalarna.online\/borlange\/laddbox-i-borlange\/"]}]},{"@type":"BreadcrumbList","@id":"https:\/\/elektrikerdalarna.online\/borlange\/laddbox-i-borlange\/#breadcrumb","itemListElement":[{"@type":"ListItem","position":1,"name":"Hem","item":"https:\/\/elektrikerdalarna.online\/borlange\/"},{"@type":"ListItem","position":2,"name":"Laddbox i Borl\u00e4nge"}]},{"@type":"WebSite","@id":"https:\/\/elektrikerdalarna.online\/borlange\/#website","url":"https:\/\/elektrikerdalarna.online\/borlange\/","name":"Elektriker i Borl\u00e4nge","description":"","publisher":{"@id":"https:\/\/elektrikerdalarna.online\/borlange\/#organization"},"potentialAction":[{"@type":"SearchAction","target":{"@type":"EntryPoint","urlTemplate":"https:\/\/elektrikerdalarna.online\/borlange\/?s={search_term_string}"},"query-input":{"@type":"PropertyValueSpecification","valueRequired":true,"valueName":"search_term_string"}}],"inLanguage":"sv-SE"},{"@type":"Organization","@id":"https:\/\/elektrikerdalarna.online\/borlange\/#organization","name":"Elektriker i Borl\u00e4nge","url":"https:\/\/elektrikerdalarna.online\/borlange\/","logo":{"@type":"ImageObject","inLanguage":"sv-SE","@id":"https:\/\/elektrikerdalarna.online\/borlange\/#\/schema\/logo\/image\/","url":"https:\/\/elektrikerdalarna.online\/borlange\/wp-content\/uploads\/sites\/3\/2026\/02\/elektriker-dalarna-logga.png","contentUrl":"https:\/\/elektrikerdalarna.online\/borlange\/wp-content\/uploads\/sites\/3\/2026\/02\/elektriker-dalarna-logga.png","width":1572,"height":573,"caption":"Elektriker i Borl\u00e4nge"},"image":{"@id":"https:\/\/elektrikerdalarna.online\/borlange\/#\/schema\/logo\/image\/"}}]}},"_links":{"self":[{"href":"https:\/\/elektrikerdalarna.online\/borlange\/wp-json\/wp\/v2\/pages\/114","targetHints":{"allow":["GET"]}}],"collection":[{"href":"https:\/\/elektrikerdalarna.online\/borlange\/wp-json\/wp\/v2\/pages"}],"about":[{"href":"https:\/\/elektrikerdalarna.online\/borlange\/wp-json\/wp\/v2\/types\/page"}],"author":[{"embeddable":true,"href":"https:\/\/elektrikerdalarna.online\/borlange\/wp-json\/wp\/v2\/users\/1"}],"replies":[{"embeddable":true,"href":"https:\/\/elektrikerdalarna.online\/borlange\/wp-json\/wp\/v2\/comments?post=114"}],"version-history":[{"count":10,"href":"https:\/\/elektrikerdalarna.online\/borlange\/wp-json\/wp\/v2\/pages\/114\/revisions"}],"predecessor-version":[{"id":135,"href":"https:\/\/elektrikerdalarna.online\/borlange\/wp-json\/wp\/v2\/pages\/114\/revisions\/135"}],"wp:attachment":[{"href":"https:\/\/elektrikerdalarna.online\/borlange\/wp-json\/wp\/v2\/media?parent=114"}],"curies":[{"name":"wp","href":"https:\/\/api.w.org\/{rel}","templated":true}]}}